{"id":41,"date":"2025-06-26T18:06:46","date_gmt":"2025-06-26T18:06:46","guid":{"rendered":"http:\/\/marinavoyage.fr\/?page_id=41"},"modified":"2026-01-23T14:14:00","modified_gmt":"2026-01-23T14:14:00","slug":"accueil","status":"publish","type":"page","link":"https:\/\/www.marinavoyage.fr\/","title":{"rendered":"Accueil"},"content":{"rendered":"\n<div style=\"height:100px\" aria-hidden=\"true\" class=\"wp-block-spacer\"><\/div>\n\n\n\n<div class=\"wp-block-group is-layout-constrained wp-block-group-is-layout-constrained\">\n<h2 class=\"wp-block-heading has-text-align-center has-text-color has-link-color wp-elements-2339226c662cc06dd6a54651d836a0b1\" style=\"color:#f38194\"><code>Marina Voyage<\/code><\/h2>\n\n\n\n<h3 class=\"wp-block-heading has-text-align-center has-text-color has-link-color wp-elements-7978b5115e12b05bc2314d03f053d2ae\" style=\"color:#ffc0cb\"><strong>Travel planner sp\u00e9cialis\u00e9e pour personnes avec anxi\u00e9t\u00e9 et autisme<\/strong><\/h3>\n\n\n\n<p class=\"has-text-align-center has-text-color has-link-color wp-elements-70b00e76dba95a13c965f0b3f7c6cc59\" style=\"color:#ffcad3\">Je m\u2019occupe de la planification pour que tu puisses voyager \u00e0 ton rythme, sans pression.<\/p>\n\n\n\n<div class=\"wp-block-cover\"><img loading=\"lazy\" decoding=\"async\" width=\"710\" height=\"947\" class=\"wp-block-cover__image-background wp-image-56\" alt=\"\" src=\"https:\/\/www.marinavoyage.fr\/wp-content\/uploads\/2025\/06\/chateau-disney.jpg\" data-object-fit=\"cover\" srcset=\"https:\/\/www.marinavoyage.fr\/wp-content\/uploads\/2025\/06\/chateau-disney.jpg 710w, https:\/\/www.marinavoyage.fr\/wp-content\/uploads\/2025\/06\/chateau-disney-225x300.jpg 225w\" sizes=\"auto, (max-width: 710px) 100vw, 710px\" \/><span aria-hidden=\"true\" class=\"wp-block-cover__background has-background-dim\"><\/span><div class=\"wp-block-cover__inner-container is-layout-flow wp-block-cover-is-layout-flow\">\n<p class=\"has-text-align-center has-ast-global-color-5-color has-text-color has-link-color has-large-font-size wp-elements-e6278186f050e3b562e4f3b54a509ea0\">Tu veux organiser un voyage sur mesure mais tu as peur des impr\u00e9vue et tu n&rsquo;as pas le temps ? Je suis l\u00e0 pour tout organiser pour toi<\/p>\n<\/div><\/div>\n\n\n\n<h3 class=\"wp-block-heading has-text-align-center has-text-color has-link-color wp-elements-b7bda0d26e3ba49aa30fbee94053c169\" style=\"color:#f38194\">Pourquoi faire appel \u00e0 moi ?<\/h3>\n\n\n\n<p class=\"has-pale-pink-color has-text-color has-link-color wp-elements-e62dbb5adea7bb1dd09d88bbe5346c89\">Je suis une personne diagnostiqu\u00e9e TSA et j&rsquo;ai effectu\u00e9 beaucoup de voyages. Gr\u00e2ce \u00e0 mon exp\u00e9rience, je peux :  <\/p>\n\n\n\n<ul class=\"wp-block-list\">\n<li class=\"has-pale-pink-color has-text-color has-link-color wp-elements-5ec278e980b7e8937133e90c9523fb88\">Anticiper les impr\u00e9vus<\/li>\n\n\n\n<li class=\"has-pale-pink-color has-text-color has-link-color wp-elements-dea52e77595160020448593463c43fca\">Rep\u00e9rer des lieux calmes<\/li>\n\n\n\n<li class=\"has-pale-pink-color has-text-color has-link-color wp-elements-d73c25e3a18bc6525556d83e7f2e3e9f\">Pr\u00e9voir des temps de repos<\/li>\n\n\n\n<li class=\"has-pale-pink-color has-text-color has-link-color wp-elements-60fc09a8b03eb981e5b16d9d05fcbe8c\">Pr\u00e9voir des alternatives si annulation \/ surcharge<\/li>\n<\/ul>\n\n\n\n<h3 class=\"wp-block-heading has-text-align-center has-pale-pink-color has-text-color has-link-color wp-elements-9ac631ab5256a5cb82d82a92bda6cd32\">Mon approche<\/h3>\n\n\n\n<ul class=\"wp-block-list\">\n<li class=\"has-pale-pink-color has-text-color has-link-color wp-elements-c5027226b111e9b9747d157ffd50a326\">Appel calme et sans obligation<\/li>\n\n\n\n<li class=\"has-pale-pink-color has-text-color has-link-color wp-elements-2625bdacb24c998a0fd54362a77bc85c\">Questionnaire adapt\u00e9 (clair, pas trop long)<\/li>\n\n\n\n<li class=\"has-pale-pink-color has-text-color has-link-color wp-elements-9746ea86dcbfaf36a988850375a53549\">Construction du voyage avec toi<\/li>\n\n\n\n<li class=\"has-pale-pink-color has-text-color has-link-color wp-elements-9964f4b1dc6897b7737041bfa2468e44\">Itin\u00e9raire + plans B\/C<\/li>\n<\/ul>\n\n\n\n<div class=\"wp-block-buttons is-content-justification-center is-layout-flex wp-container-core-buttons-is-layout-a89b3969 wp-block-buttons-is-layout-flex\">\n<div class=\"wp-block-button\"><a class=\"wp-block-button__link has-pale-pink-background-color has-background has-text-align-center wp-element-button\" href=\"https:\/\/www.marinavoyage.fr\/index.php\/contact\/\">PRENDRE RENDEZ-VOUS<\/a><\/div>\n<\/div>\n<\/div>\n\n\n\n<h3 class=\"wp-block-heading has-text-align-center has-pale-pink-color has-text-color has-link-color wp-elements-6f1d5b6ae4504c284e6d7ff388890d8a\">Tarifs pour un accompagnement sur mesure<br><\/h3>\n\n\n\n<figure class=\"wp-block-image aligncenter size-large is-resized\"><img loading=\"lazy\" decoding=\"async\" width=\"576\" height=\"1024\" src=\"https:\/\/www.marinavoyage.fr\/wp-content\/uploads\/2026\/01\/Price-voyage-sur-mesure-576x1024.png\" alt=\"\" class=\"wp-image-232\" style=\"width:576px;height:auto\" srcset=\"https:\/\/www.marinavoyage.fr\/wp-content\/uploads\/2026\/01\/Price-voyage-sur-mesure-576x1024.png 576w, https:\/\/www.marinavoyage.fr\/wp-content\/uploads\/2026\/01\/Price-voyage-sur-mesure-169x300.png 169w, https:\/\/www.marinavoyage.fr\/wp-content\/uploads\/2026\/01\/Price-voyage-sur-mesure-768x1365.png 768w, https:\/\/www.marinavoyage.fr\/wp-content\/uploads\/2026\/01\/Price-voyage-sur-mesure-864x1536.png 864w, https:\/\/www.marinavoyage.fr\/wp-content\/uploads\/2026\/01\/Price-voyage-sur-mesure.png 1080w\" sizes=\"auto, (max-width: 576px) 100vw, 576px\" \/><\/figure>\n","protected":false},"excerpt":{"rendered":"<p>Marina Voyage Travel planner sp\u00e9cialis\u00e9e pour personnes avec anxi\u00e9t\u00e9 et autisme Je m\u2019occupe de la planification pour que tu puisses [&hellip;]<\/p>\n","protected":false},"author":1,"featured_media":0,"parent":0,"menu_order":0,"comment_status":"closed","ping_status":"closed","template":"","meta":{"site-sidebar-layout":"default","site-content-layout":"","ast-site-content-layout":"default","site-content-style":"default","site-sidebar-style":"default","ast-global-header-display":"","ast-banner-title-visibility":"","ast-main-header-display":"","ast-hfb-above-header-display":"","ast-hfb-below-header-display":"","ast-hfb-mobile-header-display":"","site-post-title":"disabled","ast-breadcrumbs-content":"","ast-featured-img":"","footer-sml-layout":"","ast-disable-related-posts":"","theme-transparent-header-meta":"","adv-header-id-meta":"","stick-header-meta":"","header-above-stick-meta":"","header-main-stick-meta":"","header-below-stick-meta":"","astra-migrate-meta-layouts":"default","ast-page-background-enabled":"default","ast-page-background-meta":{"desktop":{"background-color":"var(--ast-global-color-5)","background-image":"","background-repeat":"repeat","background-position":"center center","background-size":"auto","background-attachment":"scroll","background-type":"","background-media":"","overlay-type":"","overlay-color":"","overlay-opacity":"","overlay-gradient":""},"tablet":{"background-color":"","background-image":"","background-repeat":"repeat","background-position":"center center","background-size":"auto","background-attachment":"scroll","background-type":"","background-media":"","overlay-type":"","overlay-color":"","overlay-opacity":"","overlay-gradient":""},"mobile":{"background-color":"","background-image":"","background-repeat":"repeat","background-position":"center center","background-size":"auto","background-attachment":"scroll","background-type":"","background-media":"","overlay-type":"","overlay-color":"","overlay-opacity":"","overlay-gradient":""}},"ast-content-background-meta":{"desktop":{"background-color":"var(--ast-global-color-4)","background-image":"","background-repeat":"repeat","background-position":"center center","background-size":"auto","background-attachment":"scroll","background-type":"","background-media":"","overlay-type":"","overlay-color":"","overlay-opacity":"","overlay-gradient":""},"tablet":{"background-color":"var(--ast-global-color-4)","background-image":"","background-repeat":"repeat","background-position":"center center","background-size":"auto","background-attachment":"scroll","background-type":"","background-media":"","overlay-type":"","overlay-color":"","overlay-opacity":"","overlay-gradient":""},"mobile":{"background-color":"var(--ast-global-color-4)","background-image":"","background-repeat":"repeat","background-position":"center center","background-size":"auto","background-attachment":"scroll","background-type":"","background-media":"","overlay-type":"","overlay-color":"","overlay-opacity":"","overlay-gradient":""}},"footnotes":""},"class_list":["post-41","page","type-page","status-publish","hentry"],"_links":{"self":[{"href":"https:\/\/www.marinavoyage.fr\/index.php\/wp-json\/wp\/v2\/pages\/41","targetHints":{"allow":["GET"]}}],"collection":[{"href":"https:\/\/www.marinavoyage.fr\/index.php\/wp-json\/wp\/v2\/pages"}],"about":[{"href":"https:\/\/www.marinavoyage.fr\/index.php\/wp-json\/wp\/v2\/types\/page"}],"author":[{"embeddable":true,"href":"https:\/\/www.marinavoyage.fr\/index.php\/wp-json\/wp\/v2\/users\/1"}],"replies":[{"embeddable":true,"href":"https:\/\/www.marinavoyage.fr\/index.php\/wp-json\/wp\/v2\/comments?post=41"}],"version-history":[{"count":28,"href":"https:\/\/www.marinavoyage.fr\/index.php\/wp-json\/wp\/v2\/pages\/41\/revisions"}],"predecessor-version":[{"id":235,"href":"https:\/\/www.marinavoyage.fr\/index.php\/wp-json\/wp\/v2\/pages\/41\/revisions\/235"}],"wp:attachment":[{"href":"https:\/\/www.marinavoyage.fr\/index.php\/wp-json\/wp\/v2\/media?parent=41"}],"curies":[{"name":"wp","href":"https:\/\/api.w.org\/{rel}","templated":true}]}}